
Let r = -80 - -35. Let v = r + 25. Let i = 6 - v. What is the units digit of i?
6
Let d = -13 - -18. Let w be ((-85)/d)/(1/(-7)). Suppose -10 = -z - 5*h + 37, -3*z - 4*h = -w. What is the units digit of z?
7
Let p = -405 + 555. What is the hundreds digit of p?
1
Suppose -4*j - 5*s - 15 = 0, 0 = -5*s - 0 - 15. Suppose -5*b + 19 - 4 = j. What is the units digit of 1/((3/b)/1)?
1
Let g(j) = 0*j**2 + 18*j - 17*j - j**3 - 7*j**2. What is the units digit of g(-8)?
6
Suppose 0 = 1981*q - 1982*q + 1848. What is the tens digit of q?
4
Let t(p) = p**3 - 5*p**2 - 4*p - 8. Let d be t(6). Suppose 3*x + 60 = 2*v - 25, 4*v = -d*x + 140. What is the tens digit of v?
3
Suppose -8*n - 28 = -4*n. Let p(b) = 7*b - 3. Let c be p(n). Let l = c - -75. What is the units digit of l?
3
Suppose 3*x + 10 = 19. Suppose 0 = -4*f - x*d - 41 + 334, 3*d = -3. What is the units digit of f?
4
Suppose 10 = -6*k + 4*k. Let c be (1/3)/(k/(-135)). Let y = 14 - c. What is the units digit of y?
5
Let q(y) = -y**3 - 4*y + 5. Let a be q(-5). Let h be a/14 - 18/(-63). Suppose -6 = 2*r, -3*r - 2*r = l + h. What is the units digit of l?
4
What is the units digit of ((-20)/15)/(9035/3015 - 3)?
2
Suppose s - 4 = -j, 4*j = -5*s + 2*s + 14. What is the tens digit of (318/(-9))/(4/3 - s)?
5
Let b(t) be the first derivative of t**4/4 - t**3/3 + t**2/2 - 3. Suppose 2*x - 5 = -3*x. What is the units digit of b(x)?
1
Suppose -20*l + 35*l = 56055. What is the thousands digit of l?
3
Let g be (-532)/(-8) + (-1)/2. Let p = 1 + g. What is the tens digit of p?
6
Let q(z) be the third derivative of z**5/12 - z**4/12 - z**3/6 - 4*z**2. Let v be q(-1). What is the tens digit of (0 - (-3)/v)*50?
2
Suppose 3*o + 3*g - 2*g = 81, 0 = 3*o - 3*g - 69. Suppose o = d + 7. What is the tens digit of d?
1
Let g = 187 + -175. What is the units digit of g?
2
Let v = -5277 - -8279. What is the thousands digit of v?
3
Let a be (2 - 1)/(6 - 5) + 3. Suppose a*z - 12 = 0, 0*r - 3*z = 4*r - 781. What is the units digit of r?
3
Let b(c) = -4*c - 11. Let k be b(6). Let p = k + 49. What is the units digit of 312/7 + (-8)/p?
4
Suppose 5*r - 1882 = -2*k, 4*k - 493 = -4*r + 3271. What is the tens digit of k?
4
Suppose -5*r = s - 12, -2*r - s + 7 = 1. Suppose 0 = 2*v - r + 12. Let o(g) = -g**2 - 11*g - 14. What is the units digit of o(v)?
6
Let v(y) be the third derivative of -13*y**5/60 - y**4/8 - y**3/3 - 8*y**2. Let x be v(-1). What is the units digit of 44/x*(1 + -10)?
3
Suppose 0 = 4*x - 4*a - 12, 0 = -0*x + 3*x + 2*a + 11. Let v be -1 + (-16)/(1/x). Suppose 6*d - 9*d + v = 0. What is the units digit of d?
5
Let n be (-2)/(-9) - (-1346)/18. Suppose 3*y + n = 12. Let i = -12 - y. What is the units digit of i?
9
Suppose -k - 5*l + 30 = 0, 2*l - 20 = -2*l. Let j(u) = u**2 + 26*u. What is the tens digit of j(k)?
5
Let d = -20 - -107. Suppose -b + d = 8*z - 7*z, 349 = 4*b + 5*z. What is the units digit of b?
6
Suppose 5*l - 16 = -3*t, -3*t = -3*l - 2*l - 26. Suppose -70 = -t*b + 448. What is the tens digit of b?
7
Let v(s) = s**3 + 5*s**2 + 4*s + 1. Let r be v(-4). What is the hundreds digit of ((-2)/4)/((2/(-428))/r)?
1
Suppose -4*d - 24 = -d. Let j(z) = -6*z**3 - 9*z**2 - 12*z - 7. Let u(q) = -q**3. Let t(n) = j(n) - 5*u(n). What is the tens digit of t(d)?
2
Let l be ((-12)/18)/((-2)/906). Let i = l - 215. What is the units digit of i?
7
Let p(o) = o**2 + 9*o + 12. Let u be p(-8). Suppose u*r - 11 = 9. Suppose -3*x - 8 = -3*a + 127, 3*a - r*x = 135. What is the units digit of a?
5
Suppose -2*k + 1047 = -3*v - 195, -4*v = 0. What is the tens digit of k?
2
Let l(y) = y + 1. Let a(z) = -34*z + 45. Let d(h) = -a(h) - 2*l(h). What is the units digit of d(6)?
5
Suppose -17*p + 10608 = -30736. What is the tens digit of p?
3
Let a = -5753 - -9738. What is the units digit of a?
5
What is the tens digit of (-2350)/(-4)*(-7 - -9)?
7
Suppose -y + 0*y + 2 = 0. Suppose -5*w - 4*r = r - 230, 0 = -w - y*r + 51. What is the units digit of w?
1
What is the units digit of ((-28)/21)/(2/(-417))?
8
Suppose -3 = -6*t + 9*t. What is the tens digit of 1 - (231*t + 4)?
2
Suppose 4*x = 3*x - b + 244, 0 = -2*x + 3*b + 498. What is the tens digit of x?
4
Let b = -16 - -14. Let p be -12 - -9 - b*116. Suppose 5*o - k - 3*k - p = 0, 0 = 2*k + 2. What is the tens digit of o?
4
What is the tens digit of (-2)/(-12 + 10)*1577?
7
Let i(h) = -h**3 - 2*h**2 + 3*h + 6. Let j be 1/(-3 - 348/(-117)). Let x be (-26)/j - 14/3. What is the tens digit of i(x)?
2
Suppose -3*m = -0*m. Suppose 5*u - 20 = m, 3*u + 2 + 1 = -5*w. Let f(z) = -3*z**3 - 4*z**2 - z + 3. What is the tens digit of f(w)?
5
Let r = 433 + -210. What is the tens digit of r?
2
Let z = 24 - 17. Let b(y) = 7*y - 14. What is the tens digit of b(z)?
3
Let i(k) = -181*k + 59. What is the hundreds digit of i(-4)?
7
Suppose k + 444 = 7*k. Suppose -2*l + 3*x = -207, -l = -2*x - 32 - k. What is the tens digit of l?
9
Let h be 2/(-4) + (-11)/(-2). Suppose h*a = 1276 - 281. What is the tens digit of a?
9
Let f = 18 + -25. Let k(q) = -2*q - 12. Let w be k(f). Suppose w*v - 5*d - 160 = -3*v, -4*d + 75 = 3*v. What is the units digit of v?
9
Let v = -1 + 779. What is the units digit of v?
8
Suppose 0*t - 2*t - 3*q = -467, -2*t + 462 = 4*q. Suppose 6*o - t - 419 = 0. What is the units digit of o?
0
What is the hundreds digit of -11*(132/(-3) - -5)?
4
What is the tens digit of (-4)/1 + (5604 - (-17 - -3))?
1
Let b(j) = 22*j + 38. Let l(y) = -7*y - 13. Let t(m) = -6*b(m) - 17*l(m). What is the tens digit of t(-6)?
7
Let u(i) = 4*i + 2*i**3 + 3*i**2 - i**3 - 1 + 6*i - 12*i**2. Suppose -3*a = 5*v + 13 - 47, 4*a + v - 34 = 0. What is the tens digit of u(a)?
1
Let x(q) = -3*q + 2. Let k be x(-2). Suppose -12*f + 200 = -k*f. What is the tens digit of f?
5
Let d(t) = 423*t + 389. What is the tens digit of d(5)?
0
Suppose 0*g - 3*g = 2*j - 27, 5*g = -2*j + 25. Let t(s) = 11*s + 25. What is the units digit of t(j)?
0
What is the tens digit of ((-20)/4 + 22/6)*-267?
5
Let p(b) = -3*b**3 + 3*b**2 - b - 1. Let k be p(2). Let r = k + 18. Suppose r*f - 26 = f. What is the units digit of f?
3
Suppose 6*w - 909 = 465. What is the units digit of w?
9
Let h(f) = -f**2 + 6*f + 16. Let i be h(8). Suppose r = -2*r + u + 1043, -5*r - 3*u + 1743 = i. Suppose c - 7*c = -r. What is the tens digit of c?
5
Let n(m) be the second derivative of m**5/20 + 3*m**4/4 - 2*m**3/3 - 9*m**2/2 - 8*m. Let p be n(-5). Let g = p + -51. What is the units digit of g?
0
Suppose 2*l + 723 = 5*l. Let p = l + -167. What is the units digit of p?
4
Suppose -5*q + i - 99 = 0, q + 0*q = i - 19. What is the tens digit of (-8)/(-2)*(-375)/q?
7
Let u(c) = 81*c + 35. What is the hundreds digit of u(11)?
9
Let n(v) = v**3 - 2*v**2 - 2*v + 197. What is the hundreds digit of n(0)?
1
Let j be -1*(6 + 0 + -2). Suppose -111 = -5*n - 3*c, 7*n - 2*n + 2*c = 114. Let b = j + n. What is the units digit of b?
0
Let j(x) = x**3 - 7*x**2 - x + 9. Let m be j(7). Let d be (m/(-4))/((-5)/140). Suppose -3*k + 61 = -d. What is the units digit of k?
5
What is the hundreds digit of (642/5)/((-50)/(-375))?
9
Let x be (-32)/4 + 4 + 1. Let i(z) = -5*z**3 - z**2 + 2*z - 4. What is the tens digit of i(x)?
1
Let b(n) = n**3 + 11*n**2 - n - 11. Let k be b(-11). Suppose 0 = j - 3*a + 4*a - 28, 3*j - 4*a - 63 = k. What is the units digit of j?
5
Suppose 6 = v + 3*f - 2, 4*v + f - 10 = 0. Let l be ((-272)/10)/(v/15). What is the tens digit of ((-1)/2)/(6/l)?
1
Suppose -46*k - 21376 = -78*k. What is the hundreds digit of k?
6
Let u = -2123 + 3326. What is the tens digit of u?
0
What is the tens digit of (-41890)/(-26) - 56/364?
1
Suppose 0 = 28*b - 24*b - 104. Let i = b - 8. What is the tens digit of i?
1
Suppose -5*k - 2 = 2*s, 6*s = s - k + 18. Suppose -2*g - 50 = -5*o - s*g, 4*o + 2*g - 42 = 0. What is the units digit of o?
8
Let v(n) = 0*n**2 + 5*n**2 + 5 + 1 - 4*n**2. What is the units digit of v(-6)?
2
Let y be (8/6)/(-2)*3. Let z be 0 - ((2 - y) + -7). Suppose -3*r + 0*r + 174 = 3*c, 2*c = -z*r + 173. What is the units digit of r?
7
Let v(z) = -29*z. Let s be (-9)/18 - 1/2. Let n be v(s). Let q = n + -9. What is the tens digit of q?
2
Let m = -6 + 0. Let i(d) = -d**3 - 5*d**2 + 8*d + 6. Let o be i(m). Let p = o - -7. What is the units digit of p?
1
Let h = 202 - 762. Let j = h + 805. What is th